, -6 = k - 4*y. Let z(t) = -2*t + 8. Determine z(k).
-4
Let j = -3 + 6. Let z(s) = s**3 + 5*s**2 + 2*s + 2. Let d(x) = -5*x**3 - 21*x**2 - 9*x - 9. Let i = -20 - -11. Let h(n) = i*z(n) - 2*d(n). Calculate h(j).
0
Let k(o) = -7*o**3 + 5*o**2 - 2*o + 7. Let r(s) = 3*s**3 - 3*s**2 + s - 3. Let n(c) = 2*k(c) + 5*r(c). Give n(4).
-13
Let r(y) = -y - 9. Let j be r(-4). Let p(i) = -i - 3. Let k(t) = -6*t - 15. Let s(q) = -2*k(q) + 11*p(q). Give s(j).
-8
Let j(r) = -2*r**3 + 2*r**2 + r + 2. Let z(c) = 2*c**3 - 3*c**2 - c - 3. Let f(p) = 4*j(p) + 3*z(p). Give f(1).
-3
Let g(p) = 2*p**2 + 5*p + 3. Let a(u) = -u**2 - u + 1. Let v(s) = -7*s**2 - 8*s + 4. Let r(x) = -6*a(x) + v(x). Let z(b) = 3*g(b) + 7*r(b). What is z(0)?
-5
Let z(k) = -5*k + 6*k + 4 + 4*k - k**2 + 0. Let r be (-21)/(-4) + 1/(-4). Calculate z(r).
4
Let n(o) = 4*o**2 - 2*o - 1 - 4 + 1 - 6*o**3 + 5*o**3. Let y be (-4)/10 + 34/10. Give n(y).
-1
Suppose -3*v - 15 = -8*v. Let n(j) = -2 - v*j**2 - j - 3 + 4*j**2 + 4. Determine n(3).
5
Let n(w) be the third derivative of 0*w**3 + 0*w**6 + 0*w - 2*w**2 + 1/5040*w**7 + 0 + 0*w**4 - 1/30*w**5. Let x(r) be the third derivative of n(r). Give x(-3).
-3
Let l(v) be the third derivative of v**6/120 + v**3 + 4*v**2. What is l(0)?
6
Let r = 0 + -5. Let h(y) = 0 + 2 + 21*y - 20*y. Calculate h(r).
-3
Let u = -56 + 56. Let o(g) = -g + 5. Calculate o(u).
5
Let r(z) be the third derivative of -z**6/120 - 7*z**5/60 - z**4/6 + 4*z**3/3 + 3*z**2. Give r(-6).
-4
Let n = -7 - -13. Let f(s) = 4*s - 7 - 5*s + 0*s. Give f(n).
-13
Let z(n) be the second derivative of -n**5/20 - n**3/2 + n**2 - n. Suppose 5*c = 2*o, 0*c + 2*c + 4*o = 24. What is z(c)?
-12
Let d(o) = o**3 - 5*o**2 - o - 7. Suppose y = 4*t - 6*t + 26, -2*y - 3*t = -51. Let l = y - 19. Calculate d(l).
-12
Let j(z) = -5*z - 7. Let q(p) = -14*p - 20. Let i(x) = 17*j(x) - 6*q(x). Suppose -4*g + 12 = l, 4*g + g - 6 = l. Calculate i(g).
-1
Suppose 0 = f - 1, -4*i + 3*i = 4*f - 19. Let a(d) = 9 - i + d**2 + 7 - 2*d. Let z be (2 + 3/(-1))*-1. Determine a(z).
0
Let m(r) be the first derivative of -2*r**3/3 - 5*r**2/2 - 2*r + 1. Let f be ((-3)/9 + 1)*9/(-2). What is m(f)?
-5
Let h(g) = 7 + 3*g + 14 + 11 - 34. Calculate h(-4).
-14
Let u(n) = 3*n**3 + 3*n**2 + 2*n. Let i(x) = -7*x**3 - 5*x**2 - 3*x + 1. Let p(r) = 2*i(r) + 5*u(r). Give p(-4).
2
Let w be (-24)/(-14) - (-4)/14. Suppose 0 = -2*p - 2*p. Let u = p + w. Let g(q) = q**2 - 3*q - 1. Determine g(u).
-3
Let y(z) be the second derivative of -z**5/20 - z**4/12 - 3*z**2 + 13*z. Calculate y(0).
-6
Let m(p) be the second derivative of p**6/720 - 11*p**5/120 + p**4/4 - 3*p. Let h(f) be the third derivative of m(f). What is h(0)?
-11
Let r(g) = g**2 + 3*g + 2. Suppose 0 = -2*c + 5*v + 26, 0 = 5*c + v - 4 - 7. Suppose c = -n - 0. Let i be (-1 + -1 - -1) + n. Give r(i).
6
Let c(d) = -2*d + 1. Suppose 4*j - 10*j = -12. What is c(j)?
-3
Let r(z) = 1 - 5*z - 3*z**2 + 0*z**3 + 3 - z**3. Let q(k) = 2*k**3 + 4*k**2 + 6*k - 5. Suppose 0 = 2*x - 1 - 7. Let f(j) = x*r(j) + 3*q(j). Determine f(-2).
-11
Let y(t) = t**2 + 3*t - 2. Let p(a) = 5*a**2 + 15*a - 9. Let v(j) = 2*p(j) - 11*y(j). Let l = 3 + 1. Suppose q - 1 = -l*w - 17, 4*w = 3*q. Give v(w).
4
Suppose w - o = 4, 4*w - 9*w = 4*o - 11. Let s(c) = c**3 + 4*c**2 + 2*c - 3. Let k be s(-3). Let g(b) = 3*b**2 - 3 - 3*b**2 + b**2 - b + k*b**2. Give g(w).
3
Let f(x) = x**3 + 4*x**2 + x + 4. Let i be 0 + 1 + -3 + 5. Suppose -5*j = 2*s - 14, i*j - 4*j + 19 = -5*s. Give f(s).
10
Let z(w) be the second derivative of -w**4/12 + w**3/2 - 2*w**2 + 4*w. Determine z(4).
-8
Suppose 2*d = 3*f - 2*d - 14, 4 = 5*f + 3*d. Let a = f + 0. Let h(n) = -a*n**3 + 3*n**3 + 8*n**3 - 2*n**2 + 2*n - 1 - 4*n**3. Give h(1).
4
Let f(u) = -4*u**3 + 2*u**2 + u + 1. Let s(l) = 5*l**3 - 2*l**2 - 2*l - 2. Let a(p) = -4*f(p) - 3*s(p). Let n be 4/(-18) - 280/(-126). Determine a(n).
6
Let h(m) be the third derivative of m**4/12 + m**3/6 - m**2. Suppose -5*w - 1 = -4*k + 25, -k - w = -2. Suppose -k*p + 5 = p. What is h(p)?
3
Let z(x) be the second derivative of x**5/20 - x**4/3 + x**3/6 - 5*x**2/2 - x. Let a(n) = n + 2. Let u be a(0). Let r = 6 - u. Calculate z(r).
-1
Let m(n) = -n**3 - 2*n**2 - 2*n + 6. Let j(p) = 2*p**3 + 3*p**2 + 5*p - 13. Let a(c) = -2*j(c) - 5*m(c). Determine a(-3).
5
Let d = -9 - -7. Let c(j) = j**2 + 3*j + 1. Give c(d).
-1
Let h(f) be the second derivative of f**3/6 + f**2 - 12*f. Give h(-3).
-1
Let a(w) = 4 + 3*w - 12 + 5 + 4. Let s(p) = 0 - 9 - 1 + 2*p. Let h be s(7). Calculate a(h).
13
Let k be (4/(-8))/((-1)/16). Let a(y) = y**3 - 8*y**2 - 7. Determine a(k).
-7
Let a(l) be the first derivative of -l**4/4 - l**3 + l**2/2 - l + 1. Suppose 2*w - 3*w = 1. Let n be (2 + w/1)*-2. What is a(n)?
-7
Let b(z) = -9*z - 24 - 10 + 3*z**2 + 22 - 2*z**2. What is b(10)?
-2
Let t be 4 - -1 - (-15 + 14). Let b(g) = -2*g**2 + g**3 + t*g - 3*g - 2*g + 2*g. Let n be (-4)/6 + 16/6. What is b(n)?
6
Let n(q) be the first derivative of q**2/2 - q + 28. Determine n(-9).
-10
Suppose -2*n + 6 = -2*r, 4 = -2*n + 5*r + 7. Let z(w) be the first derivative of 1 - 1/2*w**2 + 1/4*w**n + 7*w + 1/3*w**3. Calculate z(0).
7
Let g(q) = -q**2 + 10*q + 3. Let a be g(10). Let y(w) = -8*w - w**a - 1 - 2 + 2*w + 8*w**2. Determine y(7).
4
Let q be 5/2*(2 - 4). Let f(a) be the third derivative of 0 - 2/3*a**3 - 1/10*a**5 + 0*a - 1/120*a**6 - 7/24*a**4 - 2*a**2. Give f(q).
6
Let t(j) be the second derivative of -j**3/6 + 7*j**2/2 + 6*j. Determine t(5).
2
Suppose -7*z + 2*z - 10 = 0. Let w(b) = -b**2 - 3*b - 1. Calculate w(z).
1
Let a(l) = -7*l - 1. Let h(r) = -r**3 + 7*r - 5. Let u be h(2). Calculate a(u).
-8
Let k(s) = -1. Let v(t) = -t - 1. Let z(n) = 2*k(n) - v(n). What is z(-3)?
-4
Let y be ((-3)/(-2))/(5/10). Suppose -6*j = -2*j - 8. Let t(o) = -1 + o**j - o**y - 1 + 0. What is t(0)?
-2
Let g(c) = -c**3 - 5*c**2 + 3*c + 3. Suppose 0 = k - 3 + 1. Let r = k + -7. Give g(r).
-12
Let z(b) = -2*b - 1. Let d(p) = p**2 + 5*p + 6. Let h be d(-4). Let g be 12/(-3)*(-1)/h. Determine z(g).
-5
Let t(d) = -d + 6 + 5 - 6 - 2. Determine t(3).
0
Suppose -2*j = -5*p - 4*j - 36, j + 9 = -p. Let c(q) = 5*q + 29. Let v(g) = 3*g + 19. Let b(y) = 5*c(y) - 8*v(y). What is b(p)?
-13
Let o(s) be the third derivative of -s**5/60 - 5*s**4/24 - s**3/6 - 3*s**2. Let r be 4/16 - 7/(-4). Suppose -3*h + 8*h = 5*j + 10, r = -j - 5*h. Determine o(j).
5
Let o(c) = c**2 - 2*c - 4. Let i(u) = 5*u**2 - 10*u - 20. Let v(x) = -2*i(x) + 11*o(x). What is v(6)?
20
Let r(f) = f - 1. Suppose 0*l = l - 3. Suppose -4*q + 3*j = 7, 30 - 9 = -3*q - l*j. Determine r(q).
-5
Let j = -1 - -3. Let s(p) = -5*p + j + 0*p - p + 4*p. Suppose -n + 2 = -z + n, 4*z + 5*n - 31 = 0. Determine s(z).
-6
Let x be (-5 + 5)/(-1*2). Let v(l) = x*l - l - 108 + 104. Suppose 2*b = -s + 11, 10 = -3*b + 4*s - 1. What is v(b)?
-7
Let b(o) = 2*o**3 + 6*o**2 - 3*o - 12. Let h(d) = -d**3 - 3*d**2 + d + 6. Let p(m) = 4*b(m) + 7*h(m). Let l = 14 - 18. What is p(l)?
-2
Let h be (2 + 22)/(-3) - 0. Let t be -1 + -5 + (-16)/h. Let p(u) = u - 2. What is p(t)?
-6
Let o(f) be the third derivative of 1/6*f**4 + 7*f**2 + 1/3*f**3 + 0*f + 1/60*f**5 + 0. Determine o(-6).
14
Let t(i) be the first derivative of i**4/4 - 4*i**3/3 - 3*i**2/2 - 3*i + 1. Suppose -4*w - 20 = -9*w - g, -w - 5*g - 20 = 0. Calculate t(w).
7
Suppose -2*r - 6 = 3*b - 0, -2*r - 2*b - 8 = 0. Let y = r - -11. Let p(o) = -o**2 + 7*o - 1. Calculate p(y).
9
Let h(w) be the first derivative of -3*w**3 + w**2 - w + 5. Suppose 2*i - 5 = -3. What is h(i)?
-8
Let s be 20/8 - (-3)/6. Let j(k) = 38*k - 6*k**2 - 3 - 45*k - 3*k**3 + 2*k**s. Determine j(-5).
7
Let m(l) be the first derivative of -4*l + 3 + 1/3*l**3 - 5/2*l**2. Suppose 10 + 14 = 4*s. What is m(s)?
2
Let n = -108 + 109. Let b(r) = -r + 1. Calculate b(n).
0
Let q(j) = -j - 1. Let y(k) = -3*k. Let f(l) = -2*q(l) + y(l). Let c be -5 - (0 - -2)/(-1). What is f(c)?
5
Let o(y) be the second derivative of 0 - 5/6*y**3 - 2*y + 1/12*y**4 + 0*y**2. Calculate o(5).
0
Let n(x) be the second derivative of x**5/20 - x**4/12 - x**3/2 + 3*x**2/2 - 12*x. Give n(3).
12
Let s(p) = p - 3. Let h be s(5). Let t(f) = 4*f - 3*f**2 + 11*f**3 - h*f**3 - 10*f**3 - 4. Let m be t(-4). Let q(i) = -i**3 - 4*i**2 + i + 1. Determine q(m).
-3
Let z = -9 + 10. Let g(a) = -3 + z 